
Let n(g) = 26*g + 174. Let a be n(-7). Let x(h) = h**2 + 13*h + 16. What is x(a)?
-24
Suppose 7*v - 4*v = 36. Suppose v = g + g. Let n(q) = 0 + 127*q - 1 - 41*q - 48*q - 39*q. Calculate n(g).
-7
Let b(m) be the first derivative of m**4/4 - 5*m**3/3 + m**2 + m - 2. Suppose 3*i - 14 = -3*t + 5*i, t = 4*i + 8. Give b(t).
-7
Let w(z) be the first derivative of -2*z**3/3 + 3*z**2/2 + 26*z + 4. Let b(k) be the first derivative of w(k). What is b(-3)?
15
Let u(i) = -i**3 + 3*i**2 + 7*i. Let m(p) = -2*p**3 + 6*p**2 + 16*p + 1. Let x(f) = -2*m(f) + 5*u(f). Determine x(3).
7
Let w(c) = c**3 - 4*c**2 - 3*c + 7. Suppose -1428 = 11*o + 46. Let t = o + 139. What is w(t)?
17
Let a(f) = -f + 1. Let b be a(7). Let y be (0 + 8)*b/(-8). Suppose y = m + 3. Let c(g) = -g**3 + 2*g**2 + 5*g - 4. Determine c(m).
2
Let j(u) = -19*u**2 + 114*u - 1 - 53*u - 62*u. What is j(-1)?
-19
Let r(g) = -15*g**3 - 18*g**2 - 3*g + 2. Let n(d) = -16*d**3 - 14*d**2 - 3*d + 1. Let q(c) = 4*n(c) - 3*r(c). Determine q(-1).
18
Let q be (-30)/18*(-12)/10. Let s(w) = 3*w + 14*w**q - 4*w - 16*w**2. Calculate s(-3).
-15
Let c(f) = f**2 + 3*f + 2. Let v be -6*-2*1*(-5)/15. What is c(v)?
6
Let o(v) = -v**3 - 4*v**2 + v - 3. Let s be -1 + 70/(-16) + (-48)/(-128). Calculate o(s).
17
Let j(r) = -r**3 - 3*r**2 + 7*r + 6. Suppose -3*b + 41 = -2*h, -2*b - h + 6 = -26. Suppose b - 51 = -3*a. Let i be 3/a + 51/(-12). What is j(i)?
-6
Let g(v) = 6*v**2 - v + 6. Let b(l) = l**2 + 1. Let i(y) = 5*b(y) - g(y). Determine i(1).
-1
Suppose -4*g + 3*g = 0. Suppose -2*y + g + 6 = 0. Let j = -4 + y. Let o(a) = -5*a**2 + 2*a + 1. Give o(j).
-6
Let j(n) = n**2 - 12*n - 6. Suppose -4*h = -2*u - 38, -120 = -4*h - 2*u - 78. Determine j(h).
-26
Let u = -72 - -71. Let w(l) = -l**2 - 2*l - 1. Determine w(u).
0
Let y(t) = -t**3 - 3*t**2 - 3*t - 2. Suppose 8*j = 41 + 7. Let f(n) = n**3 - 8*n**2 + 13*n - 9. Let r be f(j). Determine y(r).
7
Suppose -2*y + 376 = 6*y. Let p(o) = o**3 + 47*o**2 - y*o**2. Suppose 0 = 2*l - 3*l. Calculate p(l).
0
Let m(q) = -4*q - 22 - 17 + 11. What is m(-6)?
-4
Let i(g) = 2*g - 5. Let p(n) = -16*n + 29. Let o(w) = 6*i(w) + p(w). Suppose -3*s = -4*s + 5*y + 28, -y = 4*s - 7. What is o(s)?
-13
Let x(h) = 19*h**2 + 15*h**2 + 2*h - 3 - 27*h**2. Let t(m) = -8*m**2 - m + 4. Let d(l) = -6*t(l) - 7*x(l). Give d(-5).
12
Let o(j) = -j**2 + 3*j + 7. Let z be o(5). Let n(k) = 13 + k + 1 - 11 + 1. Determine n(z).
1
Let w(g) = 2*g - 5. Suppose 3*c = 5*k + 5 + 12, 0 = -4*k - 4. Suppose 8 = 6*v - c*v. Determine w(v).
3
Let n(y) = -8 + 15 - 20 + 14 + y**2 + 6*y. Give n(-7).
8
Suppose 4*n - 11*i + 14*i + 11 = 0, 5*i - 30 = 3*n. Let a(y) = -y**3 - 6*y**2 + 7. Determine a(n).
-18
Suppose 6 = 6*x - 3*x. Suppose -3 - 3 = 2*q, 0 = -2*u + 2*q + 10. Let c(r) = 1 + x*r + r**u - 5 + 2. Give c(-3).
1
Let k(x) = -2*x - 2. Let v be (-243)/36 + (-1)/4. What is k(v)?
12
Let p = 16 - 12. Suppose 2*v = p*q - 0 - 2, -2*q = 3*v + 3. Let f(m) = -2*m**2 + m + 1. Give f(v).
-2
Let z(k) = 3111*k - 5 - 3112*k + 15*k**2 - 14*k**2. Calculate z(5).
15
Let k(f) = f**2 + 12*f + 14. Let d be k(-11). Let p(n) = d*n + n**3 + 7*n**2 - 4*n + 1 - 3 + 0*n**2. Determine p(-7).
5
Let v be 0 - (-1)/(-1) - -2. Let n(a) = -3. Let l(s) = 3*s + 13. Let o(i) = -l(i) - 4*n(i). Calculate o(v).
-4
Suppose k + 4 = 4*b + 3*k, -5*k - 10 = 0. Let y(i) = b*i - 2 - 7*i + 6*i. Determine y(0).
-2
Let h(i) = 7*i**3 + 5*i**2 + 2*i + 5. Let w(k) = 6*k**3 + 5*k**2 + 2*k + 4. Suppose -6 = -y - 1. Let g(u) = y*h(u) - 6*w(u). Determine g(-4).
-7
Suppose -4*h + h - 12 = 0. Let m = h + 0. Let k(a) be the third derivative of -a**4/24 + a**3/2 + a**2. Determine k(m).
7
Let o(i) = i**2 + 10*i + 20. Suppose -3*r - 2*h + 13 = -3*h, 0 = 2*r + 4*h - 32. Let u(l) = -2. Let c(w) = r*u(w) + o(w). Calculate c(-7).
-13
Let j(d) = -15*d - 2. Let u = -554 - -553. Determine j(u).
13
Let p = 141 - 138. Let s(n) = 6*n - 6. Let i(j) = 7*j - 5. Let y(x) = -3*i(x) + 2*s(x). Determine y(p).
-24
Suppose 2*x = 5*x - 12. Let g(h) be the second derivative of -h**6/720 - h**5/30 + 5*h**4/12 - 8*h. Let o(n) be the third derivative of g(n). Determine o(x).
-8
Suppose 3*r = q + r + 15, -34 = 2*q - 5*r. Let x(n) = -n - 11. Give x(q).
-4
Let j(t) = t**3 - 2*t**2 - t - 2. Let z be j(3). Let b(g) = 3*g**2 + g + z - 2 - 5*g. Let v(d) = 6*d + 14. Let a be v(-2). What is b(a)?
6
Let w be (2/5)/((-1)/60). Let v be 21/6*w/(-14). Let t be (20/v)/((-10)/15). Let l(z) = z**3 + 4*z**2 - 6*z - 4. Give l(t).
1
Suppose -4*o + 36 + 16 = -4*b, 3*b = 4*o - 51. Let p(c) = 2*c - 15. What is p(o)?
9
Suppose -4*t - 3*h + 44 = -6*h, h - 12 = -2*t. Let p(s) = -s**2 + 5*s - 2. Determine p(t).
-26
Let f(x) = 24*x**2 - 26*x - 55. Let l(j) = -19*j**2 + 20*j + 44. Let m(o) = 15*f(o) + 19*l(o). Suppose 3*i + 33 = -0*i. Calculate m(i).
0
Suppose -5*u = -u - 16. Suppose -5*x = 3*r + 1, u*r + 3*x = -r + 25. Suppose 2*v = -v + 2*f + r, f = 5. Let d(z) = z**2 - 6*z - 7. What is d(v)?
-7
Let k(a) = -a**2 + 9*a - 5. Suppose 0*y + 6*y - 6 = 0. Let b be (-4 - -8) + y*4. Give k(b).
3
Let q = 17 + -10. Suppose b + o + 0*o - 4 = 0, b + 2*o = q. Let x(a) = 6*a - 1. Calculate x(b).
5
Let v be (-1206)/(-8) - ((-56)/(-32))/(-7). Let w(l) = -1 + 7 + v*l - 153*l. Give w(5).
-4
Let h(y) be the first derivative of -y**3/3 - 5*y**2/2 + 10*y - 2. Let k(u) = u**3 - 7. Let g be k(0). Calculate h(g).
-4
Let w(x) be the second derivative of -5*x**4/12 - 7*x**3/6 + 2*x**2 + 8*x. Let v(j) = -11*j**2 - 15*j + 9. Let o(p) = 6*v(p) - 13*w(p). What is o(3)?
-4
Let h be (-5)/(3 + 0 - 4). Let s(p) = -p**2 + 4 + 4 - h - 10 - 7*p. Give s(-6).
-1
Let z(s) be the first derivative of s**4/4 + 4*s**3 - 6*s**2 + 16*s - 3784. Let g = 7 + -20. Give z(g).
3
Let y(f) = f**3 - 16*f**2 + 41*f + 80. Let r be y(12). Let v(d) = -d + d**3 - 2 + 5*d + 5*d**2 + 4. What is v(r)?
2
Let n(o) be the second derivative of -o**4/6 - 11*o**3/6 - 2*o**2 + 2*o - 4. Determine n(-7).
-25
Let l(m) = 2*m - 24. Let f be l(16). Let k(c) be the second derivative of -c**4/12 + 7*c**3/6 + 5*c**2/2 + c. Calculate k(f).
-3
Let l(a) = -a**2 + 13*a - 10. Let k be l(8). Let r be ((-1)/1)/(5/k). Let x(p) be the second derivative of p**4/12 + p**3 - p**2/2 + 389*p. Determine x(r).
-1
Let n(s) = -7*s + 24. Let o(v) = -37*v + 121. Let k(d) = -11*n(d) + 2*o(d). What is k(12)?
14
Suppose 3*z = z + 2*k - 8, 0 = -3*k + 9. Let l = z + -10. Let g = l - -13. Let q(s) = 2*s**3 - 4*s**2 + 2*s + 1. Calculate q(g).
5
Let y(z) = z. Let f = 65 - 63. Suppose -12 = -3*g, 2*k = -g - f + 16. Give y(k).
5
Let u(w) = 3*w**2 - 3 - 2*w**2 - 1 + 2*w + w**2. Let y be (0 + -1)*(3 - -2). Let g = y + 2. Give u(g).
8
Let q(z) = 2*z - 61. Let d(t) = t - 21. Let h(w) = 8*d(w) - 3*q(w). Calculate h(-8).
-1
Let l(a) = 5*a**2 + 7*a - 7. Let w(i) = i**2. Let d(o) = l(o) - 4*w(o). Give d(-8).
1
Let t = -10 + 13. Suppose 4*u - 2*u + 4 = -2*d, 5*u - t*d - 30 = 0. Let i(r) = 2*r - 3 - u*r**2 + 5 - r. Determine i(2).
-8
Let r(x) be the second derivative of -15*x - 5/2*x**2 + 0 - 1/6*x**3 + 1/12*x**4. Calculate r(-4).
15
Let z(w) = w. Let m(x) = 2*x**2 - 3*x - 9. Let d(l) = -m(l) - 5*z(l). Let q(t) be the first derivative of d(t). Calculate q(-6).
22
Let y(j) be the second derivative of 0*j**2 + 0 + 3/2*j**3 + j. Determine y(-1).
-9
Let m(k) be the first derivative of 14 - 1/3*k**3 + 5/2*k**2 - 5*k. Give m(7).
-19
Let g(w) = 0 - 3*w**2 - 6*w + w**3 + w - 6 + 1 + w. What is g(4)?
-5
Let l(u) be the first derivative of -u**5/20 + u**4/6 + u**2 + u + 39. Let k(b) be the first derivative of l(b). Let j = -6 + 9. What is k(j)?
-7
Let q(x) = -x**2 + 3*x + 7. Let y(w) = -2*w**2 + 8*w + 15. Let t(r) = 9*q(r) - 4*y(r). What is t(3)?
-21
Let j be -1*2/(2/(-3)). Suppose 20 = -7*y + j*y. Let z(g) = g**2 + 6*g + 3. Calculate z(y).
-2
Let d(m) = 5*m**2 + 1. Let p = -18 + 19. Let b be d(p). Let r(o) = 7*o - 2. Let y(j) = j. Let f(t) = -r(t) + 6*y(t). Give f(b).
-4
Let v(m) = 13*m - 31. Let p(f) = 4*f - 10. Let r(a) = 7*p(a) - 2*v(a). Let k = 256 + -250. Give r(k).
4
Let f(x) be the first derivative of -x**2 + 3 + 6*x - 1/4*x**4 - 2*x**3. Calculate f(-5).
-9
Let j(w) = 0*w**2 + w**2 + 7 - 1805*w + 1814*w. Determine j(-6).
-11
Suppose 0 = 27*t - 239 - 85. Let d(m) = m**2 - 11*m - 3. What is d(t)?
9
Let i = -7 + 3. Let h(j) = j**3 - 12*j**2 + 3. Let f be h(12).